 remainder when 104 is divided by v.
6
What is the remainder when ((-4)/8*-8)/(9/18) is divided by 2?
0
Let y(z) = -4*z - 66. Calculate the remainder when y(-22) is divided by 9.
4
Let a = -79 - -100. What is the remainder when 459 is divided by a?
18
Let d(i) = -i**3 + 9*i**2 + 56*i - 24. What is the remainder when 53 is divided by d(13)?
25
Let p(a) = -a**3 - 21*a**2 + 3*a + 5. Let o be p(-21). Let q = o - -99. Calculate the remainder when q is divided by 21.
20
Suppose 58 = 10*g - 32. Let v(z) = -4*z + 7. Let u be v(-5). Suppose -d = -u - 6. Calculate the remainder when d is divided by g.
6
Suppose -p + 5*p = -5*l + 1160, 2*l = 2*p + 446. Suppose 0*v + l = 6*v. What is the remainder when v is divided by (-10)/(-4)*(-8)/(-1)?
18
Let f be (-18)/(-45) - 46/(-10). Let s be f*2*(-6)/(-15). Suppose -14 = -s*u + 26. What is the remainder when 49 is divided by u?
9
Let n = -26 + 29. Suppose -3*g + 3*c + 57 = 0, 5*c - 3*c = -n*g + 72. Calculate the remainder when g is divided by 6.
4
Let t(o) = 1. Let q be 1*(-2 - -1)/(-1). Let n(b) = 13*b - 3. Let p(h) = q*n(h) + 2*t(h). Calculate the remainder when p(3) is divided by 10.
8
Let v(f) = -f**3 - 14*f**2 - 16*f - 16. Calculate the remainder when 64 is divided by v(-13).
18
Let h(t) = -3*t + 85. Let b be h(24). Suppose -3*n - 19 = q, 3*n - 2*n - 2*q + 4 = 0. Let y = b + n. What is the remainder when y is divided by 3?
1
Let s = 733 - 645. Calculate the remainder when 170 is divided by s.
82
Let h = 64 - 73. What is the remainder when 110 is divided by (15/h - -2)/(8/552)?
18
Let i be (-22)/6 + (-4)/12. Let y be -2 + 12/i + 7. Suppose 0 = y*v - 0*v - 2*r - 22, 2*v - r = 25. Calculate the remainder when 53 is divided by v.
11
Suppose 0*y + y - 10 = -3*z, -5*y = 2*z + 15. Let f(s) = s**2 - 4*s - 8. What is the remainder when z is divided by f(6)?
1
Let w be 8 - (2 - (-2 - -5)). Calculate the remainder when (w/2)/((-10)/(-100)) is divided by 14/105 + 178/15.
9
Suppose m = -2*m - 75. Let b = m - -41. What is the remainder when 78 is divided by b?
14
Suppose 0*p - i = 4*p - 12, -p = i. Suppose 8*g + 12 = 4*g, p*s - 2*g = 22. Calculate the remainder when 12 is divided by s.
0
Let c(f) = -f**3 + 11*f**2 + 10*f + 14. Calculate the remainder when c(10) is divided by 37.
29
Let w = 153 + -193. What is the remainder when 19 is divided by ((-9)/36)/(2/w)?
4
Suppose -4*q + 240 = 4*w, -4*w - 318 = -5*q + 18. What is the remainder when 445 is divided by q?
61
Suppose 0 = 1139*v - 1167*v + 7308. Calculate the remainder when v is divided by 84.
9
Let n be 2*(3 - (-21)/(-6)). Let f = -6 - n. Let c(p) = p**3 + 6*p**2 + p + 1. Calculate the remainder when 40 is divided by c(f).
19
Suppose 35 - 21 = 3*m - 2*u, -3*m = 4*u + 10. Let z be (-1 - 1)/(2/(-6)). Let v = 1 + z. What is the remainder when v is divided by m?
1
Suppose 0 = 2*p - 0*p - 8. Suppose -4*i - 5*s - p = 0, -34 = -5*i + 4*s + 2. Let y = -291 - -294. Calculate the remainder when i is divided by y.
1
What is the remainder when 6159/21 + 8/(-28) is divided by 49?
48
Suppose 15 = 3*y, 2*y + 181 = 4*c - y. Suppose 6*q - q + 4*s - 45 = 0, -25 = -5*s. Suppose -q*g + 45 = -20. What is the remainder when c is divided by g?
10
Suppose -10*o + 5*o = 3*z + 19, 0 = -5*z + 5*o + 35. What is the remainder when (1 + 1)/((-4)/(-14)) is divided by z?
1
Let p(y) = 5*y + 199. Calculate the remainder when 16 is divided by p(-38).
7
Let i = -1064 + 1242. What is the remainder when i is divided by 26?
22
Suppose 1260 = -144*g + 150*g. What is the remainder when 636 is divided by g?
6
Let w(l) = 6*l - 3. Let q be (-14)/4 - 1/2. Let t be ((-54)/(-3))/(q/(-2)). Calculate the remainder when w(t) is divided by 18.
15
Let j = -18 - -21. Suppose g + j*g = -4*x + 60, 0 = -4*x - 3*g + 58. Calculate the remainder when x is divided by 3.
1
Suppose 291 = 5*b + 46. Calculate the remainder when b is divided by 17.
15
Suppose -638 = -3*y - 5*g, -2*y + g = -4*y + 430. Calculate the remainder when y is divided by 44.
40
Let o be (-2)/(-7) + (-2)/7. Calculate the remainder when (22 - 4/(-1))/(12 - 10) is divided by 2 - (o - (0 + 2)).
1
Let x(i) = i + 6. Let o be x(-4). What is the remainder when 27 is divided by 7*o/(3 + -1)?
6
Suppose 2*g + 5 = -b, 6 = -b - 2*b - 3*g. Let h(x) = -2*x**2 + 3*x - 2. Let z be h(b). Let r = 9 + z. What is the remainder when 13 is divided by r?
5
Suppose 0*h = 2*h - 74. Calculate the remainder when 47 is divided by h.
10
Let d(i) = -i**2 - 5*i + 1. Let j be d(-5). Let s(u) = -u**3 + 61*u**2 + 115*u + 770. Calculate the remainder when s(63) is divided by 16/(j + (2 - 2)).
13
Let f = 5 + 17. Suppose -4*i - f = -2*p, p = -3*i + 9 + 12. Suppose -5*a - 3*u - u + 198 = 0, 0 = a + 2*u - 36. Calculate the remainder when a is divided by p.
12
Let c(w) be the third derivative of 1/3*w**3 + 0*w + 0 + 2*w**2 + 1/2*w**4. What is the remainder when c(2) is divided by 9?
8
Suppose 18 - 118 = -2*u. Let z = 62 - u. Suppose 5*y = 201 + 29. Calculate the remainder when y is divided by z.
10
Suppose -2*m + 30 = 2*f, 0 = -6*f + 2*f + m + 45. Calculate the remainder when 236 is divided by f.
8
Let f(r) = -r**3 - 16*r**2 - 2*r - 14. Let g be f(-16). Suppose 3*n = g + 252. Calculate the remainder when n is divided by 23.
21
Calculate the remainder when 293 is divided by (-87)/(-12) - 7/28.
6
Suppose 49*x = 36*x + 611. Calculate the remainder when 160 is divided by x.
19
Suppose -s + 54 = 2*m - 15, -3*s = -9. Calculate the remainder when m is divided by 6.
3
Calculate the remainder when 141 is divided by (-510)/136*48/(-10).
15
Suppose -25*v + 29657 = -43768. What is the remainder when v is divided by 12?
9
Suppose -4*u - 18 = -50. Suppose 3*a - u*a + 350 = 0. Calculate the remainder when a is divided by 18.
16
What is the remainder when -72*(44/(-8) + 5) is divided by 4?
0
Let x be 25/1*(-4)/10. Let q = 15 + x. Suppose o - 3*i - 4 = 23, -4*o - q*i + 159 = 0. What is the remainder when o is divided by 13?
10
Suppose -p - 37 = -4*b, -3*p - 5 - 7 = -b. Calculate the remainder when b is divided by (-406)/(-56) - (-2)/(-8).
2
Let d = 21 - -15. Suppose -2*j - 6 + d = 0. Let q = 29 - 23. What is the remainder when j is divided by q?
3
Suppose -p - 3*p - 62 = -5*w, -p + 44 = 3*w. Let m be -4 - (-5)/(10/4). What is the remainder when w is divided by (1 + (m - -2))*4?
2
Suppose 3*s = -s + 76. Suppose -707 = -4*j - 2*i + 521, 4*j + 4*i - 1236 = 0. Calculate the remainder when j/5 - (4 - -1) is divided by s.
18
Let w be -1*6/((-24)/(-20)). Let b(y) = -3*y + 11. What is the remainder when b(w) is divided by 14?
12
Let a(f) = 31*f - 96. Calculate the remainder when a(17) is divided by 140.
11
Suppose 0 = 190*t - 191*t + 9. What is the remainder when 375 is divided by t?
6
Let g = -235 - -263. What is the remainder when 47 is divided by g?
19
Let q be (3/2)/(34/204). Let p be (-4)/14 - (-52)/(-14). Let o = q + p. Calculate the remainder when 8 is divided by o.
3
What is the remainder when 12*8/48*15/2 is divided by 11?
4
Let u(m) = 3*m**3 - 2*m**2 - 3*m**2 - 4*m**3 - 2*m**2 + 6. Let q(y) = -2*y**2 - 4*y - 1. Let i be q(-3). Calculate the remainder when 21 is divided by u(i).
3
Let r = 24 - 21. Suppose 0*k + 2 = 2*u - 4*k, 0 = r*u - 4*k - 5. Suppose 12 = u*b + 5*j - 27, -b - 4*j + 20 = 0. What is the remainder when 21 is divided by b?
5
Let h(q) = -q**3 - 8*q**2 - 27*q - 5. What is the remainder when 423 is divided by h(-6)?
83
Suppose -60 = 13*f - 19*f. Calculate the remainder when 47 is divided by f.
7
Let l = 42 - 22. Let f(x) = 11*x**2 + 15*x - 2. Calculate the remainder when l is divided by f(-2).
8
Let m = 55 - 51. Let a = 47 - m. Calculate the remainder when a is divided by 23.
20
Let y(q) = 2*q**2 + 5*q - 14. Calculate the remainder when 43 is divided by y(2).
3
Let q = 3 - -2. Let o(t) = 2*t**3 - 3*t**2 - t + 2. Calculate the remainder when (-20)/(-16)*-2*(-98)/q is divided by o(3).
23
Let h(c) = -2*c**3 - 4*c**2 - 16*c - 16. Calculate the remainder when h(-6) is divided by 53.
50
Suppose 3*a + 5*j = 7*j + 392, 3*a + 4*j - 422 = 0. Calculate the remainder when a is divided by 273/6 - (-1)/(-2).
44
Calculate the remainder when 54 is divided by 1 + 125/4 + 24/32.
21
Suppose 606 = 21*r - 402. Calculate the remainder when 141 is divided by r.
45
Let w(d) = 2*d + 5. Suppose -69 + 4 = -5*s. What is the r